{"id":3774,"date":"2026-08-13T15:39:45","date_gmt":"2026-08-13T14:39:45","guid":{"rendered":"https:\/\/staging.kambi.com\/about-kambi\/esg\/people-diversity-and-business-ethics\/"},"modified":"2026-09-01T12:29:55","modified_gmt":"2026-09-01T11:29:55","slug":"personas-diversidad-etica-empresarial","status":"publish","type":"page","link":"https:\/\/www.kambi.com\/es\/sobre-kambi\/esg\/personas-diversidad-etica-empresarial\/","title":{"rendered":"Personas, diversidad y \u00e9tica empresarial"},"content":{"rendered":"\n<section class=\"dual-section-block block-spacer\" id=\"ds-6a979056dd0a71.90553191\">\n  <div class=\"bm__container\">\n\n    \n      <div class=\"dual-section dual-section--left\">\n\n                  <div class=\"dual-section__image\">\n            <img decoding=\"async\"\n              src=\"https:\/\/www.kambi.com\/wp-content\/uploads\/2026\/08\/iStock-1623252462-1-18.png\"\n              alt=\"\"\n              loading=\"lazy\" \/>\n          <\/div>\n        \n        <div class=\"dual-section__content\">\n          <div class=\"dual-section-text\">\n                          <h2 class=\"title bm__h3\">Invertir en nuestra gente<\/h2>\n            \n                          <div class=\"excerpt\"><p>Con aproximadamente 1.000 empleados en todo el mundo, ofrecemos a cada empleado de Kambi una plataforma para alcanzar su potencial. Ser el proveedor l\u00edder de apuestas deportivas no ser\u00eda posible sin el talento y la dedicaci\u00f3n de nuestro equipo en todo el mundo.  <\/p>\n<p>Fomentar un entorno laboral de apoyo, estimulante y gratificante, basado en el crecimiento personal, la inclusi\u00f3n y el trabajo en equipo, es vital para que Kambi lidere el camino. Promovemos el desarrollo personal mediante un amplio aprendizaje en l\u00ednea, acceso a LinkedIn Learning y formaci\u00f3n especializada en casas de apuestas.  <\/p>\n<\/div>\n            \n                          <div class=\"ctas\">\n                              <\/div>\n                      <\/div>\n        <\/div>\n\n      <\/div>\n\n    \n      <div class=\"dual-section dual-section--right\">\n\n                  <div class=\"dual-section__image\">\n            <img decoding=\"async\"\n              src=\"https:\/\/www.kambi.com\/wp-content\/uploads\/2026\/08\/iStock-1623252462-1-19.png\"\n              alt=\"\"\n              loading=\"lazy\" \/>\n          <\/div>\n        \n        <div class=\"dual-section__content\">\n          <div class=\"dual-section-text\">\n            \n                          <div class=\"excerpt\"><p>Nuestro compromiso con la diversidad y la inclusi\u00f3n es intr\u00ednseco a la fortaleza de nuestro negocio. La discusi\u00f3n abierta, adoptando diferentes perspectivas, culturas y experiencias, ofrece un impulso vital para nuestra capacidad de progresar, innovar y crecer.  <\/p>\n<p>Llevamos a cabo nuestro negocio con honestidad e integridad, guiados por nuestros valores fundamentales de &#8216;Mejor, M\u00e1s R\u00e1pido, Juntos&#8217; y apoyados por programas integrales de cumplimiento.<\/p>\n<\/div>\n            \n                      <\/div>\n        <\/div>\n\n      <\/div>\n\n    \n  <\/div>\n<\/section>\n\n\n  <section class=\"testimonials-block block-spacer\">\n    <div class=\"bm__container\">\n      <div class=\"testimonial-card\">\n                  <div class=\"testimonial-card__image\">\n            <img decoding=\"async\" src=\"https:\/\/www.kambi.com\/wp-content\/uploads\/2026\/08\/Michelle-Unsworth-1.jpg\" alt=\"Michelle Unsworth\">\n          <\/div>\n        \n        <div class=\"testimonial-card__content -primary-gradient\">\n                      <span class=\"testimonial-card__kicker\">Personas, diversidad y \u00e9tica empresarial<\/span>\n          \n                      <h2 class=\"bm__h2 testimonial-card__title\">Michelle Unsworth<\/h2>\n          \n                      <div class=\"testimonial-card__quote\"><p>En Kambi, creemos que nuestra gente es nuestro mayor activo. Estamos comprometidos a crear un entorno inclusivo donde el talento de todos los or\u00edgenes pueda prosperar, innovar y construir carreras satisfactorias. Cuando nuestro pueblo tiene \u00e9xito, Kambi tiene \u00e9xito.<\/p>\n<\/div>\n          \n                      <div class=\"testimonial-card__author\">\n                              <h6 class=\"testimonial-card__author-name\">Michelle Unsworth<\/h6>\n                                            <span class=\"testimonial-card__author-role\">\n                  Directora de Personas                <\/span>\n                          <\/div>\n                  <\/div>\n      <\/div>\n    <\/div>\n  <\/section>\n\n\n\n\n<section class=\"form-block block-spacer newsletter_form\"\n  style=\"--form-bg:url(https:\/\/www.kambi.com\/wp-content\/plugins\/kambi-blocks\/blocks\/form\/assets\/newsletter-gradient.webp);\">\n  <div class=\"bm__container form-block__wrapper\">\n    <div class=\"form-block__form\">\n      \n<div class=\"newsletter-form\">\n\n  <div class=\"newsletter-form__content\">\n          <h2 class=\"bm__h2 newsletter-form__heading\">Perspectivas de Kambi, <span class=\"has-text-gradient-tri\"><strong>entregadas a ti<\/strong><\/span><\/h2>\n    \n          <h3 class=\"bm__h6 newsletter-form__subheading\">Suscr\u00edbete para recibir las \u00faltimas noticias, actualizaciones de productos y redes<\/h3>\n      <\/div>\n\n\n  <div class=\"newsletter-form__embed\">\n    <script>\n      (window.hsFormsOnReady ||= []).push(_ => {\n        hbspt.forms.create({\n          region: \"eu1\",\n          portalId: \"26165901\",\n          formId: \"24faa31e-969f-43e8-84d2-59f450915741\",\n          css: \"\",\n          cssRequired: \"\"\n        });\n      });\n    <\/script>\n  <\/div>\n\n<\/div>\n\n\n  <div class=\"newsletter-image\">\n    <img decoding=\"async\"\n      src=\"https:\/\/www.kambi.com\/wp-content\/uploads\/2026\/09\/responsive_device_45-3-1-1.png\"\n      alt=\"\">\n  <\/div>\n    <\/div>\n  <\/div>\n<\/section>","protected":false},"excerpt":{"rendered":"","protected":false},"author":1,"featured_media":0,"parent":3762,"menu_order":3,"comment_status":"closed","ping_status":"closed","template":"","meta":{"_acf_changed":false,"footnotes":""},"class_list":["post-3774","page","type-page","status-publish","hentry"],"acf":[],"yoast_head":"<!-- This site is optimized with the Yoast SEO plugin v28.4 - https:\/\/yoast.com\/product\/yoast-seo-wordpress\/ -->\n<title>Personas, diversidad y \u00e9tica empresarial - www.kambi.com<\/title>\n<meta name=\"robots\" content=\"index, follow, max-snippet:-1, max-image-preview:large, max-video-preview:-1\" \/>\n<link rel=\"canonical\" href=\"https:\/\/www.kambi.com\/es\/sobre-kambi\/esg\/personas-diversidad-etica-empresarial\/\" \/>\n<meta property=\"og:locale\" content=\"es_ES\" \/>\n<meta property=\"og:type\" content=\"article\" \/>\n<meta property=\"og:title\" content=\"Personas, diversidad y \u00e9tica empresarial - www.kambi.com\" \/>\n<meta property=\"og:url\" content=\"https:\/\/www.kambi.com\/es\/sobre-kambi\/esg\/personas-diversidad-etica-empresarial\/\" \/>\n<meta property=\"og:site_name\" content=\"www.kambi.com\" \/>\n<meta property=\"article:modified_time\" content=\"2026-09-01T11:29:55+00:00\" \/>\n<meta name=\"twitter:card\" content=\"summary_large_image\" \/>\n<script type=\"application\/ld+json\" class=\"yoast-schema-graph\">{\"@context\":\"https:\\\/\\\/schema.org\",\"@graph\":[{\"@type\":\"WebPage\",\"@id\":\"https:\\\/\\\/www.kambi.com\\\/es\\\/sobre-kambi\\\/esg\\\/personas-diversidad-etica-empresarial\\\/\",\"url\":\"https:\\\/\\\/www.kambi.com\\\/es\\\/sobre-kambi\\\/esg\\\/personas-diversidad-etica-empresarial\\\/\",\"name\":\"Personas, diversidad y \u00e9tica empresarial - www.kambi.com\",\"isPartOf\":{\"@id\":\"https:\\\/\\\/www.kambi.com\\\/#website\"},\"datePublished\":\"2026-08-13T14:39:45+00:00\",\"dateModified\":\"2026-09-01T11:29:55+00:00\",\"breadcrumb\":{\"@id\":\"https:\\\/\\\/www.kambi.com\\\/es\\\/sobre-kambi\\\/esg\\\/personas-diversidad-etica-empresarial\\\/#breadcrumb\"},\"inLanguage\":\"es\",\"potentialAction\":[{\"@type\":\"ReadAction\",\"target\":[\"https:\\\/\\\/www.kambi.com\\\/es\\\/sobre-kambi\\\/esg\\\/personas-diversidad-etica-empresarial\\\/\"]}]},{\"@type\":\"BreadcrumbList\",\"@id\":\"https:\\\/\\\/www.kambi.com\\\/es\\\/sobre-kambi\\\/esg\\\/personas-diversidad-etica-empresarial\\\/#breadcrumb\",\"itemListElement\":[{\"@type\":\"ListItem\",\"position\":1,\"name\":\"Home\",\"item\":\"https:\\\/\\\/www.kambi.com\\\/es\\\/\"},{\"@type\":\"ListItem\",\"position\":2,\"name\":\"Sobre Kambi\",\"item\":\"https:\\\/\\\/www.kambi.com\\\/es\\\/sobre-kambi\\\/\"},{\"@type\":\"ListItem\",\"position\":3,\"name\":\"ESG\",\"item\":\"https:\\\/\\\/www.kambi.com\\\/es\\\/sobre-kambi\\\/esg\\\/\"},{\"@type\":\"ListItem\",\"position\":4,\"name\":\"Personas, diversidad y \u00e9tica empresarial\"}]},{\"@type\":\"WebSite\",\"@id\":\"https:\\\/\\\/www.kambi.com\\\/#website\",\"url\":\"https:\\\/\\\/www.kambi.com\\\/\",\"name\":\"www.kambi.com\",\"description\":\"\",\"potentialAction\":[{\"@type\":\"SearchAction\",\"target\":{\"@type\":\"EntryPoint\",\"urlTemplate\":\"https:\\\/\\\/www.kambi.com\\\/?s={search_term_string}\"},\"query-input\":{\"@type\":\"PropertyValueSpecification\",\"valueRequired\":true,\"valueName\":\"search_term_string\"}}],\"inLanguage\":\"es\"}]}<\/script>\n<!-- \/ Yoast SEO plugin. -->","yoast_head_json":{"title":"Personas, diversidad y \u00e9tica empresarial - www.kambi.com","robots":{"index":"index","follow":"follow","max-snippet":"max-snippet:-1","max-image-preview":"max-image-preview:large","max-video-preview":"max-video-preview:-1"},"canonical":"https:\/\/www.kambi.com\/es\/sobre-kambi\/esg\/personas-diversidad-etica-empresarial\/","og_locale":"es_ES","og_type":"article","og_title":"Personas, diversidad y \u00e9tica empresarial - www.kambi.com","og_url":"https:\/\/www.kambi.com\/es\/sobre-kambi\/esg\/personas-diversidad-etica-empresarial\/","og_site_name":"www.kambi.com","article_modified_time":"2026-09-01T11:29:55+00:00","twitter_card":"summary_large_image","schema":{"@context":"https:\/\/schema.org","@graph":[{"@type":"WebPage","@id":"https:\/\/www.kambi.com\/es\/sobre-kambi\/esg\/personas-diversidad-etica-empresarial\/","url":"https:\/\/www.kambi.com\/es\/sobre-kambi\/esg\/personas-diversidad-etica-empresarial\/","name":"Personas, diversidad y \u00e9tica empresarial - www.kambi.com","isPartOf":{"@id":"https:\/\/www.kambi.com\/#website"},"datePublished":"2026-08-13T14:39:45+00:00","dateModified":"2026-09-01T11:29:55+00:00","breadcrumb":{"@id":"https:\/\/www.kambi.com\/es\/sobre-kambi\/esg\/personas-diversidad-etica-empresarial\/#breadcrumb"},"inLanguage":"es","potentialAction":[{"@type":"ReadAction","target":["https:\/\/www.kambi.com\/es\/sobre-kambi\/esg\/personas-diversidad-etica-empresarial\/"]}]},{"@type":"BreadcrumbList","@id":"https:\/\/www.kambi.com\/es\/sobre-kambi\/esg\/personas-diversidad-etica-empresarial\/#breadcrumb","itemListElement":[{"@type":"ListItem","position":1,"name":"Home","item":"https:\/\/www.kambi.com\/es\/"},{"@type":"ListItem","position":2,"name":"Sobre Kambi","item":"https:\/\/www.kambi.com\/es\/sobre-kambi\/"},{"@type":"ListItem","position":3,"name":"ESG","item":"https:\/\/www.kambi.com\/es\/sobre-kambi\/esg\/"},{"@type":"ListItem","position":4,"name":"Personas, diversidad y \u00e9tica empresarial"}]},{"@type":"WebSite","@id":"https:\/\/www.kambi.com\/#website","url":"https:\/\/www.kambi.com\/","name":"www.kambi.com","description":"","potentialAction":[{"@type":"SearchAction","target":{"@type":"EntryPoint","urlTemplate":"https:\/\/www.kambi.com\/?s={search_term_string}"},"query-input":{"@type":"PropertyValueSpecification","valueRequired":true,"valueName":"search_term_string"}}],"inLanguage":"es"}]}},"_links":{"self":[{"href":"https:\/\/www.kambi.com\/es\/wp-json\/wp\/v2\/pages\/3774","targetHints":{"allow":["GET"]}}],"collection":[{"href":"https:\/\/www.kambi.com\/es\/wp-json\/wp\/v2\/pages"}],"about":[{"href":"https:\/\/www.kambi.com\/es\/wp-json\/wp\/v2\/types\/page"}],"author":[{"embeddable":true,"href":"https:\/\/www.kambi.com\/es\/wp-json\/wp\/v2\/users\/1"}],"replies":[{"embeddable":true,"href":"https:\/\/www.kambi.com\/es\/wp-json\/wp\/v2\/comments?post=3774"}],"version-history":[{"count":10,"href":"https:\/\/www.kambi.com\/es\/wp-json\/wp\/v2\/pages\/3774\/revisions"}],"predecessor-version":[{"id":4234,"href":"https:\/\/www.kambi.com\/es\/wp-json\/wp\/v2\/pages\/3774\/revisions\/4234"}],"up":[{"embeddable":true,"href":"https:\/\/www.kambi.com\/es\/wp-json\/wp\/v2\/pages\/3762"}],"wp:attachment":[{"href":"https:\/\/www.kambi.com\/es\/wp-json\/wp\/v2\/media?parent=3774"}],"curies":[{"name":"wp","href":"https:\/\/api.w.org\/{rel}","templated":true}]}}

Personas, diversidad y ética empresarial

<section class="dual-section-block block-spacer" id="ds-6a979056dd0a71.90553191">
  <div class="bm__container">

    
      <div class="dual-section dual-section--left">

                  <div class="dual-section__image">
            <img decoding="async"
              src="https://www.kambi.com/wp-content/uploads/2026/08/iStock-1623252462-1-18.png"
              alt=""
              loading="lazy" />
          </div>
        
        <div class="dual-section__content">
          <div class="dual-section-text">
                          <h2 class="title bm__h3">Invertir en nuestra gente</h2>
            
                          <div class="excerpt"><p>Con aproximadamente 1.000 empleados en todo el mundo, ofrecemos a cada empleado de Kambi una plataforma para alcanzar su potencial. Ser el proveedor líder de apuestas deportivas no sería posible sin el talento y la dedicación de nuestro equipo en todo el mundo.  </p>
<p>Fomentar un entorno laboral de apoyo, estimulante y gratificante, basado en el crecimiento personal, la inclusión y el trabajo en equipo, es vital para que Kambi lidere el camino. Promovemos el desarrollo personal mediante un amplio aprendizaje en línea, acceso a LinkedIn Learning y formación especializada en casas de apuestas.  </p>
</div>
            
                          <div class="ctas">
                              </div>
                      </div>
        </div>

      </div>

    
      <div class="dual-section dual-section--right">

                  <div class="dual-section__image">
            <img decoding="async"
              src="https://www.kambi.com/wp-content/uploads/2026/08/iStock-1623252462-1-19.png"
              alt=""
              loading="lazy" />
          </div>
        
        <div class="dual-section__content">
          <div class="dual-section-text">
            
                          <div class="excerpt"><p>Nuestro compromiso con la diversidad y la inclusión es intrínseco a la fortaleza de nuestro negocio. La discusión abierta, adoptando diferentes perspectivas, culturas y experiencias, ofrece un impulso vital para nuestra capacidad de progresar, innovar y crecer.  </p>
<p>Llevamos a cabo nuestro negocio con honestidad e integridad, guiados por nuestros valores fundamentales de &#8216;Mejor, Más Rápido, Juntos&#8217; y apoyados por programas integrales de cumplimiento.</p>
</div>
            
                      </div>
        </div>

      </div>

    
  </div>
</section>


  <section class="testimonials-block block-spacer">
    <div class="bm__container">
      <div class="testimonial-card">
                  <div class="testimonial-card__image">
            <img decoding="async" src="https://www.kambi.com/wp-content/uploads/2026/08/Michelle-Unsworth-1.jpg" alt="Michelle Unsworth">
          </div>
        
        <div class="testimonial-card__content -primary-gradient">
                      <span class="testimonial-card__kicker">Personas, diversidad y ética empresarial</span>
          
                      <h2 class="bm__h2 testimonial-card__title">Michelle Unsworth</h2>
          
                      <div class="testimonial-card__quote"><p>En Kambi, creemos que nuestra gente es nuestro mayor activo. Estamos comprometidos a crear un entorno inclusivo donde el talento de todos los orígenes pueda prosperar, innovar y construir carreras satisfactorias. Cuando nuestro pueblo tiene éxito, Kambi tiene éxito.</p>
</div>
          
                      <div class="testimonial-card__author">
                              <h6 class="testimonial-card__author-name">Michelle Unsworth</h6>
                                            <span class="testimonial-card__author-role">
                  Directora de Personas                </span>
                          </div>
                  </div>
      </div>
    </div>
  </section>




<section class="form-block block-spacer newsletter_form"
  style="--form-bg:url(https://www.kambi.com/wp-content/plugins/kambi-blocks/blocks/form/assets/newsletter-gradient.webp);">
  <div class="bm__container form-block__wrapper">
    <div class="form-block__form">
      
<div class="newsletter-form">

  <div class="newsletter-form__content">
          <h2 class="bm__h2 newsletter-form__heading">Perspectivas de Kambi, <span class="has-text-gradient-tri"><strong>entregadas a ti</strong></span></h2>
    
          <h3 class="bm__h6 newsletter-form__subheading">Suscríbete para recibir las últimas noticias, actualizaciones de productos y redes</h3>
      </div>


  <div class="newsletter-form__embed">
    <script>
      (window.hsFormsOnReady ||= []).push(_ => {
        hbspt.forms.create({
          region: "eu1",
          portalId: "26165901",
          formId: "24faa31e-969f-43e8-84d2-59f450915741",
          css: "",
          cssRequired: ""
        });
      });
    </script>
  </div>

</div>


  <div class="newsletter-image">
    <img decoding="async"
      src="https://www.kambi.com/wp-content/uploads/2026/09/responsive_device_45-3-1-1.png"
      alt="">
  </div>
    </div>
  </div>
</section>

<!-- This site is optimized with the Yoast SEO plugin v28.4 - https://yoast.com/product/yoast-seo-wordpress/ -->
<title>Personas, diversidad y ética empresarial - www.kambi.com</title>
<meta name="robots" content="index, follow, max-snippet:-1, max-image-preview:large, max-video-preview:-1" />
<link rel="canonical" href="https://www.kambi.com/es/sobre-kambi/esg/personas-diversidad-etica-empresarial/" />
<meta property="og:locale" content="es_ES" />
<meta property="og:type" content="article" />
<meta property="og:title" content="Personas, diversidad y ética empresarial - www.kambi.com" />
<meta property="og:url" content="https://www.kambi.com/es/sobre-kambi/esg/personas-diversidad-etica-empresarial/" />
<meta property="og:site_name" content="www.kambi.com" />
<meta property="article:modified_time" content="2026-09-01T11:29:55+00:00" />
<meta name="twitter:card" content="summary_large_image" />
<script type="application/ld+json" class="yoast-schema-graph">{"@context":"https:\/\/schema.org","@graph":[{"@type":"WebPage","@id":"https:\/\/www.kambi.com\/es\/sobre-kambi\/esg\/personas-diversidad-etica-empresarial\/","url":"https:\/\/www.kambi.com\/es\/sobre-kambi\/esg\/personas-diversidad-etica-empresarial\/","name":"Personas, diversidad y ética empresarial - www.kambi.com","isPartOf":{"@id":"https:\/\/www.kambi.com\/#website"},"datePublished":"2026-08-13T14:39:45+00:00","dateModified":"2026-09-01T11:29:55+00:00","breadcrumb":{"@id":"https:\/\/www.kambi.com\/es\/sobre-kambi\/esg\/personas-diversidad-etica-empresarial\/#breadcrumb"},"inLanguage":"es","potentialAction":[{"@type":"ReadAction","target":["https:\/\/www.kambi.com\/es\/sobre-kambi\/esg\/personas-diversidad-etica-empresarial\/"]}]},{"@type":"BreadcrumbList","@id":"https:\/\/www.kambi.com\/es\/sobre-kambi\/esg\/personas-diversidad-etica-empresarial\/#breadcrumb","itemListElement":[{"@type":"ListItem","position":1,"name":"Home","item":"https:\/\/www.kambi.com\/es\/"},{"@type":"ListItem","position":2,"name":"Sobre Kambi","item":"https:\/\/www.kambi.com\/es\/sobre-kambi\/"},{"@type":"ListItem","position":3,"name":"ESG","item":"https:\/\/www.kambi.com\/es\/sobre-kambi\/esg\/"},{"@type":"ListItem","position":4,"name":"Personas, diversidad y ética empresarial"}]},{"@type":"WebSite","@id":"https:\/\/www.kambi.com\/#website","url":"https:\/\/www.kambi.com\/","name":"www.kambi.com","description":"","potentialAction":[{"@type":"SearchAction","target":{"@type":"EntryPoint","urlTemplate":"https:\/\/www.kambi.com\/?s={search_term_string}"},"query-input":{"@type":"PropertyValueSpecification","valueRequired":true,"valueName":"search_term_string"}}],"inLanguage":"es"}]}</script>
<!-- / Yoast SEO plugin. -->

Personas, diversidad y ética empresarial - www.kambi.com
